actors of w?
2, 3, 23
Suppose -38*o + 46169 = -9*o - 154946. List the prime factors of o.
5, 19, 73
Let v(m) be the second derivative of m**5/20 - m**4/4 - m**3/3 + 149*m**2 - 91*m. List the prime factors of v(0).
2, 149
Let j be 109424/49 - (-6)/(-42). Let h = j - 1546. List the prime factors of h.
3, 229
Suppose 10*r - 7*r - 370549 = -14*r. List the prime factors of r.
71, 307
Let i be (6/12*0)/(-2). Suppose 4*k - 1269 = -w, 0 = w - i - 1. What are the prime factors of k?
317
List the prime factors of (-4)/(-2)*(-95670)/(-180).
1063
Let l be 3/(0 - 21/(-3157)). Suppose -2193 = -2*n - l. List the prime factors of n.
13, 67
Let z(r) = 33*r**3 + 22*r**2 + 16*r - 50. What are the prime factors of z(10)?
2, 3, 5, 11, 107
List the prime factors of (-30)/7 - -4 - 519655/(-35).
3, 7, 101
Let f be 8/8 - -5 - -476. Let r = 555 - f. List the prime factors of r.
73
Suppose 3*l = 6, -9 - 8 = -3*r - 4*l. Suppose 5 = 2*d - r. Suppose -3*p = -2*n - p + 210, 415 = d*n - 5*p. What are the prime factors of n?
2, 5, 11
Suppose 17*z + 11165 = 41357. List the prime factors of z.
2, 3, 37
Let y = 36613 - 28026. What are the prime factors of y?
31, 277
Suppose -m = -2*h + 47 - 3, 0 = 3*m + 12. Let s(u) = -u**2 + 22*u - 22. Let p be s(h). List the prime factors of (-3 - p/(-4))/(2/124).
3, 31
Let g(o) = -o**3 - 7*o**2 - 8*o - 12. Let j be g(-6). Suppose 6*a - 4731 - 2991 = j. List the prime factors of a.
3, 11, 13
Let w(z) = 3*z**2 + 30*z - 26. Let h(i) = i**2 + 15*i - 13. Let u(v) = -7*h(v) + 3*w(v). Suppose 192 = 17*y + 39. What are the prime factors of u(y)?
2, 5
Let l(h) = -467*h**3 - 2*h**2 + 2*h + 3. Let f(r) = -4*r + 55. Let d be f(14). What are the prime factors of l(d)?
2, 233
Let j = 213 - 221. What are the prime factors of (-41)/(-164) - 1982/j?
2, 31
Let k(h) = 2*h**3 - 6*h**2 - 2*h + 6. Let f be k(3). Suppose 5*m - 10 + 35 = f, 2*u = 3*m + 1749. What are the prime factors of u?
3, 17
Let v be (15/10)/(6/(-8)). Let y be (-6)/(1/(1/v)). Suppose 2*k = -2*k + 5*r + 36, -3*k = y*r. List the prime factors of k.
2
Let s = 61793 - 25013. List the prime factors of s.
2, 3, 5, 613
Suppose 0 = 117*p - 39*p - 420521 - 347467. What are the prime factors of p?
2, 3, 547
Let s be 2*((-93)/(-2) + (-11 - -13)). Let q = s - 234. Let k = -80 - q. What are the prime factors of k?
3, 19
Suppose -2040 = -2*r + q, -5*r + 5097 = -16*q + 12*q. Suppose -n = 2*c - 925, -3*c + 367 + r = 2*n. What are the prime factors of c?
2, 3, 7, 11
Let o = -171 + 130. List the prime factors of o*((-30)/(-6) + -8).
3, 41
Let o be (25/(-5))/(2/(-122)). Suppose -5*k - 20 = -o. List the prime factors of k.
3, 19
Let j(d) = d**2 - 12*d - 6. Suppose 0 = 12*u - 198 + 42. Let i be j(u). What are the prime factors of ((-14)/6)/i*-489?
163
Suppose -b + 114 = 4*z - 19, 290 = 2*b + 2*z. Suppose -319 = -3*v + 5*w, -4*v + 285 = 2*w - b. List the prime factors of (v/(-7))/((-15)/105).
2, 3
Let v = 2031 + 12340. List the prime factors of v.
7, 2053
Let c be (-3 - (-232)/72) + (-212)/(-18). List the prime factors of (c + -32)/(6/(-183)).
2, 5, 61
Let q(m) = 83 - 4*m - 83 - 2*m**2 - 31*m**3. Let u be q(-3). Suppose -7*g + u + 128 = 0. What are the prime factors of g?
137
Let w = 9170 - 4662. Suppose -17*f = -3*f - w. What are the prime factors of f?
2, 7, 23
Suppose 0 = -4*g + o + 177471, 5*g + 5*o - 134645 = 87250. List the prime factors of g.
2, 3, 5, 17, 29
Suppose 0 = -2*k + p + 166037, -2*p = -7*p + 45. What are the prime factors of k?
83023
Suppose -5*a - 8030 = -g, -16036 = -2*g - 11*a + 13*a. List the prime factors of g.
5, 7, 229
Suppose 16*v - 145218 = -34082. List the prime factors of v.
2, 23, 151
Let i be 366/10 + ((-4)/10)/(-1). Let t = -13 + i. Let c = 2 + t. What are the prime factors of c?
2, 13
Let n = -693 - -679. List the prime factors of (-8)/n*(-8470)/(-20).
2, 11
Let o = -149 + 1070. Suppose 822 = 7*c - o. What are the prime factors of c?
3, 83
Suppose -2*k = -4*k + 24. Suppose 4*u = -2*r + 768, u + 10*r - 197 = k*r. Let j = u + -76. What are the prime factors of j?
3, 13
Let t = 9 + -24. What are the prime factors of (6/t)/((-10)/3475)?
139
Let a = 43747 + -20449. What are the prime factors of a?
2, 3, 11, 353
Suppose 0 = 26*u - 197 - 63. Suppose g = u*g - 936. List the prime factors of g.
2, 13
Let c(j) = 656*j - 2419. List the prime factors of c(13).
41, 149
Let f(l) be the second derivative of -1/6*l**3 + 4*l**2 - 32*l + 0. What are the prime factors of f(-12)?
2, 5
Let i(m) = -m**3 + 20*m**2 - 17*m + 418. List the prime factors of i(20).
2, 3, 13
Let b be (-4)/(-12) + 374/3. Suppose 4*n + 7*l - 7 = 6*l, 4*l = 5*n - 35. Suppose n*i = -2*i + b. List the prime factors of i.
5
Suppose 2*y - 6 = 0, -2*q - 3*y = -3*q - 5. Suppose 0 = q*k - 3*t + 448 - 4297, -3839 = -4*k + 5*t. What are the prime factors of k?
2, 3, 7, 23
Let s be ((138/4)/(-23))/(2/4). Let r(y) = 35*y**2 + 24*y + 76. What are the prime factors of r(s)?
11, 29
Suppose 118*f - 3691519 - 1252958 = 2262609. What are the prime factors of f?
3, 20359
Suppose 24*h = 33*h - 34335. Suppose -o = 3*u - h, -37*o + 34*o = 5*u - 6365. What are the prime factors of u?
2, 5, 127
Let z = 5082 - -5453. List the prime factors of z.
5, 7, 43
Let i be ((-37)/(-5))/(1/5). Let c = i + -34. Suppose -2*v - 3*v + 2*z + 295 = 0, 146 = c*v + 5*z. What are the prime factors of v?
3, 19
Let a(k) = 77*k**2 + 3*k - 14. Let n be a(-6). Let l = n + -1701. List the prime factors of l.
1039
Let b = -22470 - -31830. List the prime factors of b.
2, 3, 5, 13
Let j(f) = f**3 + 9*f**2 + 9*f - 5. Let s be j(-6). Let k = s - 50. What are the prime factors of (-4)/k + (-117)/(-3)?
43
Suppose 4*q + 297 = 3*q + 5*p, -p + 1264 = -4*q. Let h = q - -528. List the prime factors of h.
211
Let h be (15/(-6))/(4/(-8)). Suppose -3*s = -2*d + 397, -3*d = h*s + 39 - 606. What are the prime factors of d?
2, 97
Let k be ((-297)/6)/3*2/1. Let w = -4 + k. Let s = 64 + w. What are the prime factors of s?
3
Let o be -2048 + (3/(-2))/((-1)/(-2)). Let n = 3843 + o. List the prime factors of n.
2, 7
Let s = 328 + -317. Let t(p) = 2*p**2 - 21*p + 34. List the prime factors of t(s).
3, 5
Let v be (-2)/(-2) + 6 + -5. Suppose f + 262 = -2*c + v*f, -2*c = 4*f + 252. Let q = c - -259. List the prime factors of q.
3, 43
Suppose -4*v = -4*f - 59512, -4*v - 4*f + f + 59491 = 0. Suppose -6*o = 29*o - v. What are the prime factors of o?
5, 17
What are the prime factors of (-302627)/(-65) + 12/10?
4657
Suppose 81*z - 65*z = 78256. Suppose 3*y = 3*n + 2937, -5*y + 10*n = 6*n - z. List the prime factors of y.
3, 5, 13
Let u = 51 - 43. Suppose u*i = -i + 5247. List the prime factors of i.
11, 53
Let q(t) be the third derivative of -t**4/6 - 9*t**3/2 - t**2. Let f(n) = -6*n - 149. Let w be f(-23). What are the prime factors of q(w)?
17
Let y(w) = 1858*w - 2749. What are the prime factors of y(13)?
3, 5, 1427
Let t = 1071 - -27990. List the prime factors of t.
3, 3229
Suppose -d + 8*c + 11262 = 0, 56100 = 80*d - 75*d + 2*c. List the prime factors of d.
2, 31, 181
Let t(u) = 18*u**2 - 5*u - 7. Let n be t(4). List the prime factors of n - ((1 - 1) + 6).
3, 5, 17
Let y = 2084 + -1230. Let g = y + -340. List the prime factors of g.
2, 257
Let w be (-1700)/(-272) - 5/4. Suppose -4*l = w*p - 5154, -4*p = p - 4*l - 5146. What are the prime factors of p?
2, 5, 103
Suppose -2*a = -5*a - 2*k + 30, 3*a - 5*k = 30. Suppose 3*s + 4*b - 5 = 10, 2*s + 4*b = a. Let n(r) = 3*r**2 - 6*r + 5. List the prime factors of n(s).
2, 5
What are the prime factors of 7/(105/108245)*(-22 + 25)?
21649
Let g(h) = -487*h + 54. List the prime factors of g(-13).
5, 1277
Let k be ((-1)/2*0)/(2*-1). Suppose s - 3*s - 49 = -5*h, 2*h + 3*s - 31 = k. Suppose h*x - 2051 = -445. What are the prime factors of x?
2, 73
Let i(m) = -37*m - 108. Let l be i(-3). Suppose -3*y + q + 310 = 0, 3*y + q = -y + 411. Suppose -119 = -l*v + y. What are the prime factors of v?
2, 37
Suppose -19*h + 16*h + 3*u + 19578 = 0, 5*h - 32594 = -4*u. List the prime factors of h.
2, 3, 1087
Suppose -c + 2*c = 12*c. Let v = -22 - -31. What are the prime factors of (c + (-6)/v)*-117?
2, 3, 13
Let j = -3642 - 61. Let p be j/21 + (10/(-6) - -2). Let a = 275 + p. List the prime factors of a.
3, 11
Let n(p) = 9*p + 23. Let i(z) = 11*z + 3. Let j be i(1). Let s be (-4)/((